?
True
Does 40 divide 489720?
True
Is 174 a factor of 2123670?
True
Is 3707091 a multiple of 10?
False
Is 46632 a multiple of 8?
True
Is 174 a factor of 583590?
False
Is 36915317 a multiple of 20?
False
Is 693 a factor of 1550934?
True
Does 2508 divide 25271729?
False
Is 5138 a multiple of 45?
False
Is 2205314 a multiple of 383?
True
Is 639 a factor of 2603102?
False
Is 672 a factor of 3248622?
False
Is 46 a factor of 72695?
False
Does 18 divide 557496?
True
Is 1269086 a multiple of 26?
True
Is 22 a factor of 220?
True
Is 119789 a multiple of 188?
False
Does 13 divide 58292?
True
Is 9 a factor of 13531?
False
Is 295680 a multiple of 440?
True
Does 68 divide 3565852?
True
Is 57 a factor of 115767?
True
Does 70 divide 20784470?
True
Is 12 a factor of 12178668?
True
Is 15 a factor of 1064220?
True
Does 240 divide 60480?
True
Is 7 a factor of 21390272?
False
Is 122779 a multiple of 3?
False
Is 26881600 a multiple of 26?
False
Does 10 divide 32190?
True
Is 2748808 a multiple of 55?
False
Is 8135150 a multiple of 1960?
False
Is 198610 a multiple of 8?
False
Is 146496 a multiple of 38?
False
Is 74 a factor of 4054047?
False
Does 1286 divide 7721144?
True
Is 3744 a multiple of 39?
True
Is 544170 a multiple of 17?
True
Is 121440 a multiple of 920?
True
Is 12 a factor of 735138?
False
Is 7332758 a multiple of 17?
False
Is 525805 a multiple of 415?
True
Is 2651 a multiple of 5?
False
Is 3756715 a multiple of 651?
False
Does 10 divide 284864?
False
Is 16692 a multiple of 3?
True
Is 94 a factor of 479682?
True
Is 105 a factor of 2202900?
True
Is 29057 a multiple of 49?
True
Is 403123 a multiple of 30?
False
Is 33 a factor of 372075?
True
Is 15 a factor of 87480?
True
Does 123 divide 2434293?
True
Is 667051 a multiple of 7?
True
Is 450 a factor of 107550?
True
Does 87 divide 989470?
False
Does 74 divide 11185692?
True
Is 21218 a multiple of 46?
False
Is 466047 a multiple of 9?
True
Does 10 divide 424997?
False
Does 35 divide 184079?
False
Is 43 a factor of 573078?
False
Is 3 a factor of 412323?
True
Is 34 a factor of 3900265?
False
Is 7878390 a multiple of 140?
False
Does 21 divide 277557?
True
Is 21458 a multiple of 2?
True
Is 71 a factor of 176992?
False
Is 333444 a multiple of 8?
False
Does 215 divide 689505?
True
Is 7 a factor of 17295?
False
Is 5 a factor of 1570825?
True
Is 1668825 a multiple of 15?
True
Does 191 divide 1893001?
True
Does 8 divide 145000?
True
Does 213 divide 137811?
True
Does 29 divide 171873?
False
Does 24 divide 10392?
True
Does 31 divide 3390257?
False
Does 73 divide 4194945?
True
Is 50032 a multiple of 2?
True
Does 56 divide 356459?
False
Does 16 divide 236832?
True
Does 107 divide 13246?
False
Does 154 divide 65142?
True
Is 5 a factor of 3010617?
False
Is 214 a factor of 297246?
True
Is 13 a factor of 73229?
True
Does 19 divide 405745?
True
Is 3028 a factor of 23703103?
False
Is 23 a factor of 138028?
False
Is 313493 a multiple of 67?
True
Is 910416 a multiple of 52?
True
Is 260 a factor of 1196444?
False
Does 5 divide 2645260?
True
Does 7 divide 8673?
True
Is 6405114 a multiple of 562?
True
Is 236 a factor of 52392?
True
Is 37 a factor of 251166?
False
Does 18 divide 1117296?
True
Is 3522269 a multiple of 9?
False
Is 30 a factor of 1015572?
False
Does 1090 divide 7530810?
True
Is 5981360 a multiple of 154?
True
Does 3 divide 21031?
False
Is 72 a factor of 4328602?
False
Does 43 divide 2559864?
False
Is 131406 a multiple of 50?
False
Does 21 divide 1040277?
True
Is 488 a factor of 2069?
False
Is 505 a factor of 170185?
True
Is 382239 a multiple of 11?
True
Is 13 a factor of 3711642?
False
Is 4814641 a multiple of 35?
False
Is 2383104 a multiple of 29?
True
Is 13912 a multiple of 105?
False
Is 43 a factor of 4166?
False
Does 101 divide 54843?
True
Does 42 divide 39228?
True
Does 7 divide 93325?
False
Is 11 a factor of 94519?
False
Is 356823 a multiple of 123?
True
Does 120 divide 153120?
True
Is 8 a factor of 224424?
True
Does 15 divide 1058805?
True
Is 7 a factor of 2376346?
True
Is 55000 a multiple of 9?
False
Is 139 a factor of 2441813?
True
Is 1611522 a multiple of 54?
True
Is 19 a factor of 8554921?
True
Does 503 divide 10089677?
True
Is 481875 a multiple of 375?
True
Does 7 divide 5629155?
True
Is 28719 a multiple of 9?
True
Is 67 a factor of 128797?
False
Is 19 a factor of 5469701?
True
Does 252 divide 12008022?
False
Is 361880 a multiple of 332?
True
Is 172120 a multiple of 65?
True
Is 276867 a multiple of 126?
False
Is 31 a factor of 298840?
True
Does 372 divide 2294363?
False
Is 1003422 a multiple of 7?
True
Does 3 divide 43395?
True
Is 16 a factor of 27762320?
True
Does 52 divide 305136?
True
Does 20 divide 3480425?
False
Is 1104257 a multiple of 22?
False
Is 56 a factor of 81969?
False
Is 178 a factor of 7149726?
True
Does 15 divide 158742?
False
Is 2017 a factor of 11820303?
False
Is 6 a factor of 30461?
False
Does 32 divide 6015253?
False
Is 8 a factor of 8775938?
False
Is 8 a factor of 93050?
False
Is 119 a factor of 517071?
False
Does 427 divide 392831?
False
Is 15508574 a multiple of 624?
False
Is 10 a factor of 27850?
True
Is 85 a factor of 134895?
True
Does 71 divide 358697?
False
Does 94 divide 353628?
True
Does 11 divide 710126?
False
Is 203239 a multiple of 4?
False
Does 45 divide 53235?
True
Does 419 divide 1327392?
True
Is 49 a factor of 42336?
True
Does 10 divide 1718250?
True
Is 39 a factor of 189927?
False
Does 14 divide 300552?
True
Is 135 a factor of 24978?
False
Is 541882 a multiple of 22?
True
Does 24 divide 108504?
True
Is 2313892 a multiple of 28?
True
Does 129 divide 448545?
False
Is 359418 a multiple of 1201?
False
Does 9 divide 21951?
True
Is 94835 a multiple of 406?
False
Is 214 a factor of 1641376?
False
Is 263250 a multiple of 26?
True
Is 41 a factor of 36490?
True
Does 11 divide 137104?
True
Does 38 divide 21546?
True
Does 214 divide 37991?
False
Does 379 divide 318500?
False
Is 245 a factor of 2525596?
False
Does 639 divide 356898?
False
Is 127538 a multiple of 43?
True
Does 68 divide 3379545?
False
Is 10 a factor of 32544?
False
Does 3 divide 313510?
False
Is 807844 a multiple of 42?
False
Is 380688 a multiple of 48?
True
Is 86 a factor of 402394?
True
Is 366800 a multiple of 8?
True
Is 138733 a multiple of 40?
False
Is 646201 a multiple of 439?
False
Is 86 a factor of 31213012?
True
Is 113 a factor of 1888405?
False
Is 272160 a multiple of 60?
True
Is 2040516 a multiple of 56?
False
Is 702 a factor of 11523328?
False
Does 339 divide 2566569?
True
Is 78 a factor of 33150?
True
Is 369264 a multiple of 84?
True
Is 101 a factor of 741883?
False
Is 18 a factor of 369339?
False
Does 9 divide 591817?
False
Is 2359724 a multiple of 38?
True
Is 2645594 a multiple of 707?
True
Does 54 divide 9301712?
False
Is 26 a factor of 18834686?
True
Does 12 divide 1039234?
False
Is 166 a factor of 6744414?
True
Is 47 a factor of 675651?
False
Is 287188 a multiple of 244?
True
Does 4 divide 133688?
True
Is 14 a factor of 51478?
True
Does 54 divide 1185252?
False
Does 1168 divide 14646720?
True
Is 15 a factor of 764145?
True
Is 12 a factor of 227028?
True
Is 8 a factor of 208328?
True
Is 85 a factor of 265030?
True
Does 111 divide 41187?
False
Is 8 a factor of 11932?
False
Does 32 divide 19711392?
True
Is 31 a factor of 20300338?
False
Is 40 a factor of 4640?
True
Is 6214 a multiple of 4?
False
Does 38 divide 381900?
True
Does 274 divide 1949236?
True
Is 1247307 a multiple of 283?
False
Does 8 divide 305411?
False
Does 6 divide 31892?
False
Is 188 a factor of 484199?
False
Is 779057 a multiple of 131?
True
Is 308098 a multiple of 118?
True
Is 252 a factor of 4515588?
True
Is 79709 a multiple of 59?
True
Is 366281 a multiple of 12?
False
Is 12 a factor of 9499548?
True
Is 507705 a multiple of 85?
True
Does 13 divide 1060872?
False
Is 663 a factor of 10886986?
False
Is 31253 a multiple of 33?
False
Does 39 divide 4112628?
True
Does 29 divide 12789?
True
Is 251 a factor of 1805945?
True
Does 80 divide 4226880?
True
Is 61 a factor of 504895?
False
Is 25 a factor of 317925?
True
Does 30 divide 11483?
False
Is 15 a factor of 8608885?
False
Is 6662663 a multiple of 8?
False
Does 6 divide 169824?
True
Is 4 a factor of 1095978?
False
Does 50 divide 1067000?
True
Does 48 divide 3330932?
False
Is 99658 a multiple of